uppose 0 = 4*n - 3*n - 194. What is the tens digit of n?
9
Let l = -2117 - -2506. What is the hundreds digit of l?
3
Let j = 5785 + -3576. What is the hundreds digit of j?
2
Let q(o) = -4*o**2 - 4*o - 8. Let a(c) = -c**2 - 1. Let d(x) = -5*a(x) + q(x). Let y(j) be the first derivative of d(j). What is the units digit of y(3)?
2
Let p(c) = -3*c - 18. Let i be p(-8). Suppose i*q - 7*q + 30 = 0. What is the tens digit of q?
3
Let r = -12 - -15. Suppose 3 = 2*q - r. Suppose -q*l - 16 = 5*y - 0*y, -2*y - 19 = -3*l. What is the units digit of l?
3
Suppose 0 = -6*n - 3564 + 414. Let a be (3/(-9))/(7/n). Let p = 64 - a. What is the tens digit of p?
3
Let s = -106 + 106. Suppose -3*x - r + 272 = 0, s = -8*x + 3*x + 2*r + 446. What is the tens digit of x?
9
Let j = -380 + 1540. What is the hundreds digit of j?
1
Let g(n) = 5*n**2 - 8*n - 111. What is the hundreds digit of g(24)?
5
Suppose 87 = 4*v - 3*x, 2*v - 3*x - 56 = x. Suppose 0*l = -2*l - v. Let u = l - -34. What is the units digit of u?
5
Suppose 0 = 31*n - 24761 - 99518. What is the thousands digit of n?
4
What is the hundreds digit of (-24)/(-32) - 76708/(-16)?
7
Let h(d) = d**3 - 3*d**2 + 4*d - 7. Let u be h(5). Let g = u - 18. What is the tens digit of g?
4
Suppose -7*n = -3*n - 8. Suppose -n*p - p + 78 = 0. What is the tens digit of p?
2
Let p be (-2 - 40/(-15))*-3. What is the units digit of (1 - (p - 216)) + 1?
0
Let k = 4 + -5. Let h = 63 + k. What is the units digit of h?
2
Let j be (1*-21)/(-2 - -1). Suppose -j = -l - 7. What is the units digit of l?
4
What is the units digit of 7/(-21) - 3/(-9)*8101?
0
Suppose 0 = 2*n - 5*i + 7*i - 188, 0 = -5*n + 3*i + 470. What is the units digit of n?
4
Let s = 3029 + -2101. What is the units digit of s?
8
Suppose -t = -9*t - 32. What is the units digit of t/14 - 1/(42/(-10848))?
8
Let i = -24 - -32. Suppose i = k - 5*k. What is the tens digit of (13/(-2))/(1/k)?
1
Let b = -838 + 382. What is the tens digit of ((-2)/(-6))/((-4)/b)?
3
Let w = -749 - -1573. What is the tens digit of w?
2
Let g(o) = o**2 - 10. Let h be g(0). Let d(s) = -s**2 - 11*s + 9. Let v be d(h). Let i = v + 11. What is the units digit of i?
0
Let w = -20 + 26. Let v(n) = 6*n + 28. What is the tens digit of v(w)?
6
Let n(b) = 12*b**2 - 3*b - 30. What is the hundreds digit of n(7)?
5
Let v = 19 + -19. Suppose v = 3*x - 63 - 60. Let s = x + 4. What is the tens digit of s?
4
Let u = 270 - -176. What is the hundreds digit of u?
4
Suppose 4*h + 4*n + 160 = 0, h + 4*n - n = -32. Let g = 24 - h. What is the tens digit of g?
6
Suppose 3*q + 19 + 20 = 0. Let b(a) be the second derivative of a**4/12 + 5*a**3/3 - 8*a**2 + 2*a. What is the tens digit of b(q)?
2
Suppose 0 = -5*c + 5*x + 3170, -2*x + x = 2*c - 1280. What is the units digit of c?
8
Let h(a) be the second derivative of a**6/360 - a**5/120 + a**4/4 - 2*a. Let o(r) be the third derivative of h(r). What is the tens digit of o(7)?
1
Let h(y) = -y + 18. Let o be h(9). Suppose 5*i + 20 = 70. Let g = i - o. What is the units digit of g?
1
Let c(l) = 2*l + 22. Let q be c(-10). Suppose h = -2*u + 119 + 14, 2*u + 242 = q*h. What is the tens digit of h?
2
Let s(h) = -4*h**3 - 18*h**2 - 6*h - 6. What is the tens digit of s(-7)?
2
Let k(m) = -m**2 + 33*m + 75. What is the tens digit of k(28)?
1
Suppose 10 = 5*t, z = 3*z + t - 26. Suppose -3*p - z = -5*p. What is the units digit of p?
6
Let v = 1589 - 131. What is the hundreds digit of v?
4
Suppose 7*i + 18 = 16*i. What is the hundreds digit of i + 109 + 9/(-3)?
1
Let x be (-15 + 19)*(-1 + -82)/1. Let z = -219 - x. What is the hundreds digit of z?
1
Let h = 31 + -11. Let d = -23 + h. What is the units digit of (-29)/d - (-8)/(-12)?
9
Suppose 0 = g + 2*g, 5*s = 3*g + 3045. What is the units digit of s?
9
Let k be (6/12)/((-1)/(-4)). Suppose -7 - 12 = -5*c + 2*d, k*c - 5*d - 16 = 0. Suppose -48 = -4*o - 4*m, -c*o + 25 + 8 = 2*m. What is the units digit of o?
9
Suppose 2*i - 1174 = 2*y, -i + 2340 = 3*i + 4*y. What is the units digit of i?
6
Suppose -7*p + 32 - 46 = 0. Suppose -2*h = -2 + 4, -2*h = 5*d - 28. What is the units digit of p/(-4) - (-57)/d?
0
Suppose 3*w = 8*w. What is the tens digit of (1 + w)/(((-30)/(-63))/10)?
2
Suppose -24*u - 18 = -22*u. What is the tens digit of (-4)/u*6*(-378)/(-8)?
2
Let z(f) = f**2. Let x(d) = 43*d**2 - d. Let l(g) = x(g) - z(g). What is the tens digit of l(2)?
6
Let m(s) = 7*s**2 + 35*s + 13*s**2 + s**3 + 3*s**2 - 4*s**2 - 3. What is the hundreds digit of m(-16)?
2
Let f = -10 + 16. Suppose -6*q + 6 + f = 0. What is the units digit of 6 + 4 - (0 + q)?
8
Let a = -2269 + 4271. What is the thousands digit of a?
2
Suppose -2*v + v + 10 = 0. Suppose -w = -44 - v. Suppose w = -0*x + 3*x. What is the tens digit of x?
1
Suppose 147414 + 1812 = 102*f. What is the tens digit of f?
6
Let p = -41 + 79. Let o = -11 + p. What is the units digit of o?
7
Let p(b) = 1218*b**2 + 8*b - 7. What is the tens digit of p(1)?
1
Let q(l) = 2*l**2 + 13*l - 1012. What is the units digit of q(-62)?
0
What is the hundreds digit of 8/((-144)/243)*-92?
2
Suppose 0 = 2*n - 443 - 773. What is the tens digit of n?
0
What is the units digit of (-20)/45 + (-55921)/(-9)?
3
Let v(c) = 14*c**2 + 16*c + 81. What is the tens digit of v(-7)?
5
Let n = -153 - -289. What is the tens digit of n?
3
Let i be 1/4 + 38*3/24. Suppose -d + 336 = d - i*j, -d + j = -168. What is the hundreds digit of d?
1
Let g(w) be the first derivative of -w**4/4 + 4*w**3/3 + 4*w - 5. Let c be g(3). What is the units digit of c/(1*4/4)?
3
Suppose 0 = 14*l + 2*l - 1920. What is the hundreds digit of l?
1
Suppose -9*k + 7*k - 3*s + 7941 = 0, 4*k - 15922 = 2*s. What is the units digit of k?
8
What is the units digit of 18*1*(-83)/(-2)?
7
Let s be (-168)/(-63)*789/4. Suppose -2*p + 620 = 3*i, -306 = -4*i - 4*p + s. What is the tens digit of i?
0
Suppose 0 = 13*g - 14 - 12. Suppose k = -3*u + 125, -g*u - u = 5*k - 565. What is the hundreds digit of k?
1
Suppose 12 = 7*l - 4*l. Let k = 17 + -12. Suppose y - k = -l*y. What is the units digit of y?
1
Let p be (2/4)/(5/(-230)). Let l = p + 57. Let g = l - 1. What is the units digit of g?
3
Let s(z) = 2*z**2 - 2*z - 6. Let o be s(3). Suppose -2*f - 229 = -n + f, 3*f - o = 0. What is the hundreds digit of n?
2
Let j = 293 - 188. What is the units digit of j?
5
Suppose 4*o - 180 = -0*o + m, 0 = 5*m. What is the units digit of 215/o + (-4)/(-18)?
5
Let z(j) be the first derivative of j**2/2 + 5*j + 3. Let b be z(-5). Suppose b*d - 4*d + 96 = 0. What is the units digit of d?
4
Suppose 7*o - 28*o + 41874 = 0. What is the thousands digit of o?
1
Suppose 0 = v + 4*g - 685, 2*g = 5*v - 3419 - 72. What is the hundreds digit of v?
6
Suppose -4*r + 9 = -t - 24, -3*t = 15. Suppose 4*j = -3*s + 25, 0*j + 3*s = 4*j - r. What is the units digit of j?
4
Suppose -4*c + m - 2198 = -13907, 3*c = m + 8782. What is the thousands digit of c?
2
Let n(l) = 138*l**2 - 23*l + 24. What is the units digit of n(1)?
9
Let j(l) = -33*l - 7. Let o be j(-3). Let i = -57 + o. What is the units digit of i?
5
Let u(k) = k**3 - 8*k**2 + 8*k + 18. Let s be u(9). Suppose -5*h + s = -779. Suppose -5*o = 4*m - h, 0*m + m - 47 = -o. What is the tens digit of m?
4
What is the thousands digit of ((-406230)/220)/((-3)/4)?
2
Suppose -3*r - 3*x + 6636 = 0, -4*x - 4412 = -r - r. What is the thousands digit of r?
2
Let h = 287 + -196. Let v = 140 + -7. Let m = v - h. What is the units digit of m?
2
Let q = -2862 + 4153. What is the thousands digit of q?
1
Suppose -57*o + 14*o + 76153 = 0. What is the units digit of o?
1
Let x(h) = h**3 + 16*h**2 - 18*h + 18. Let w(i) = i**3 - 9*i**2 - 2*i - 16. Let s be w(9). Let q be 24/12*s/4. What is the units digit of x(q)?
5
Let i(w) = 4*w - 14. Let a = 21 + -11. Let l(n) = n - 1. Let v(x) = a*l(x) - 2*i(x). What is the units digit of v(-7)?
4
Let a(x) = -3*x + 3*x**2 - x + 10*x - 7. What is the units digit of a(3)?
8
Suppose d + 1 = 16. What is the tens digit of (-2315)/(-25) - (39/d - 3)?
9
What is the units digit of (-825630)/(-210) - 3/(-7)?
2
What is the tens digit of 1/6 + 259149/198?
0
Suppose 0*h = h. Let y be ((-2)/(-3) + h)*-48. Let l = y - -58. What is the tens digit of l?
2
Suppose 0 = 40*i - 249178 + 68018. What is the tens digit of i?
2
Let n(m) = m**3 + 4*m**2 + 2*m - 5. Let 